ors of (-490)/(-63) - w/9?
2
What are the prime factors of (-1)/(-2) + 90/4?
23
Let v = 109 + -77. List the prime factors of v/6*(-18)/(-12).
2
Let c(t) = -t**2 - 8*t - 4. List the prime factors of c(-3).
11
Let i be 15/(-2)*12/(-18). Suppose i*r = 232 + 38. List the prime factors of r/5 - 1/(-5).
11
Suppose -1484 = 20*y - 27*y. What are the prime factors of y?
2, 53
Let o be (-1 + -1)/(2/(-72)). Suppose 4*w - w - o = 0. List the prime factors of w.
2, 3
Let v be -3 - (-4 - -1) - 2. What are the prime factors of v + -1 + 16 + 0?
13
List the prime factors of 158/4 - 3/(-2).
41
Suppose 0 = 3*j + 2*j - 125. List the prime factors of j.
5
Suppose 0 = 5*r - 28 - 2. Suppose 6*b - 2*q = 3*b - 676, -3*q = -r. What are the prime factors of b/(-24) - (-1)/(-3)?
3
Let f = -232 + 352. What are the prime factors of f?
2, 3, 5
Let b = -55 - -107. Suppose -3*a - a = -b. What are the prime factors of a?
13
Let j(i) = i**2 + 5*i + 12. Let s be j(-4). Suppose 5*z - 5*g = 10, g = 2*z - s + 1. List the prime factors of z.
5
Suppose -2*u - 33 = -3*y, 33 = 5*y - 2*y - u. Suppose -69 = -8*n + 5*n. Let f = n - y. List the prime factors of f.
2, 3
Let i be -6*4*(-98)/12. Suppose -i = x + x. What are the prime factors of 3/(-12) - x/8?
2, 3
Let m be (2/2)/((-2)/(-10)). Suppose -3*c + 3 + 12 = 0. Suppose c = -m*f + 6*f. What are the prime factors of f?
5
Let u be (-10)/(-40) + (-106)/8. Let b = u + 21. List the prime factors of b.
2
Let x = 5 - 7. Let q = x + 2. Suppose q*f + 5*f = 45. List the prime factors of f.
3
What are the prime factors of -55*(1/(-4))/((-1)/(-4))?
5, 11
What are the prime factors of (-735)/(-9) - ((-16)/(-6))/4?
3
Suppose 0 = -2*a - 4 + 78. Let l be (30/(-12))/((-339)/(-114) - 3). Suppose v = -5*h - 2*v + l, 2*h = -v + a. List the prime factors of h.
2
List the prime factors of 4/(-1 + 17/15).
2, 3, 5
Suppose 2*r + 2*r - 4 = 2*n, 0 = 2*r + 5*n + 22. Let h = r - -4. Suppose -2 = -h*x - 2*x + 4*m, -4*x + 4*m = 0. List the prime factors of x.
2
Let w = -13 + 23. List the prime factors of w.
2, 5
Let j = 5 + 0. Suppose -2*q + 3*v = 2*v - 9, j*v = -2*q - 9. List the prime factors of (-64)/(-12)*(0 + q).
2
Let n(y) = 2*y**2 + 4*y - 3. Let g be n(5). Suppose -4*s + 0*w + 64 = -5*w, 3*s = -w + g. List the prime factors of s.
3, 7
List the prime factors of (8/(-8))/(1/(-21)).
3, 7
Let u(t) = 64*t + 19. List the prime factors of u(5).
3, 113
Suppose -8 + 6 = -a. Suppose -5*g = 27 - 12, -105 = -a*r + g. List the prime factors of r.
3, 17
Let i be (-16)/(-6) + 10/(-15). Let b = i + 6. List the prime factors of b.
2
Let a be 1 - (14 + (-2 - 0)). Let g = -8 - a. Suppose y - 6*y - 2*j = -62, -3*y - g*j + 39 = 0. List the prime factors of y.
2, 3
Let i = 3 + -1. Suppose i*n = -4*m - 14, 3*n = -0*m - m - 21. List the prime factors of -2 + (-1 - -1) - n.
5
Let x(m) = -m + 68. What are the prime factors of x(0)?
2, 17
Suppose -114 = -2*c + 2*n, 4*n + 69 = -c + 2*c. List the prime factors of c.
53
Let y(k) be the first derivative of 7*k**2 + 3*k - 10. List the prime factors of y(3).
3, 5
Let g = 101 - -69. What are the prime factors of g?
2, 5, 17
Suppose 11*z = -2*z + 1469. List the prime factors of z.
113
Suppose o - 1 = 4. Suppose -g = -7 - o. What are the prime factors of g?
2, 3
Let s(x) = -x + 5. Let h be s(4). Let q = -1 + h. Suppose -r + 14 = -q. What are the prime factors of r?
2, 7
Suppose -2 = -3*s + 2*s. What are the prime factors of (s - 3/1)*-18?
2, 3
List the prime factors of (4 + -17 + 2)*-1.
11
Suppose 0*s - 4*s = 400. Suppose -43 = -5*t - y, 3*t + 2 = 4*y + 37. List the prime factors of 3/t - s/6.
17
Suppose 3*u + q - 243 + 55 = 0, -5*u - 4*q = -304. Suppose 0*v - u = -4*v. What are the prime factors of v?
2
Let t(r) = 69*r - 13. What are the prime factors of t(4)?
263
Let h be ((-9)/(-6) + -1)*4. Suppose -h*i + 6 = -4*q, -q - 5 = -2*q. List the prime factors of i.
13
Suppose 0 = 4*b - 4 - 4. What are the prime factors of b?
2
Let s = 91 - 23. List the prime factors of s.
2, 17
Suppose 15 = 2*d - 173. What are the prime factors of d?
2, 47
Suppose -z - 3 + 0 = -2*o, -2*z - 6 = -o. Suppose -4*h + o*d + 64 = 4*d, 5*h - 86 = d. List the prime factors of h.
17
Suppose 5*b - 411 = -3*u, -4*u = -3*b - 279 - 269. What are the prime factors of u?
137
Let m(c) = c**3 + 8*c**2 - 6*c + 10. List the prime factors of m(-8).
2, 29
Let v = 20 - 11. List the prime factors of v.
3
Suppose c = 5*b + 20 + 43, -4*c + 2*b + 324 = 0. What are the prime factors of c?
83
Let q be (-35)/(-7)*(-6)/(-10). List the prime factors of (-1)/((q - 5)/28).
2, 7
Let k = -88 - -130. What are the prime factors of k?
2, 3, 7
Let n = 5 - 0. Let y(r) = r**2 - 1 + 0*r**2 + 3*r + n. What are the prime factors of y(-4)?
2
Suppose 2*y + 2*y - 136 = 0. List the prime factors of (4 - y)/(-3 - -1).
3, 5
Let n(a) = -a**3 + 11*a**2 - 3*a + 1. What are the prime factors of n(6)?
163
Let i(j) = j**3 + 15*j**2 + 12*j - 19. List the prime factors of i(-14).
3
Suppose 0*h = -5*u + 5*h + 150, -u + 2*h + 31 = 0. Let v = 57 - u. List the prime factors of v.
2, 7
What are the prime factors of ((-3211)/76)/((-1)/4)?
13
Let h be 8/14*(-21)/(-6). Suppose 5 = -3*b + 4*k, -h = b + 4*k + 5. List the prime factors of (b + 1)/1 + 5.
3
Let b be 18/4*10/15. Let v = 3 + b. Suppose 14 = i + v. List the prime factors of i.
2
Suppose 0*d - 3*d = -63. Suppose 5*x = 3*a, -4*x - 5*a + 58 = d. Suppose 0 = -x*l - 2*l + 4*v + 30, 3*v = 5*l - 30. List the prime factors of l.
2, 3
Let g(b) = 2*b**3 - 5*b**2 + 11*b - 15. What are the prime factors of g(6)?
3, 101
Suppose -4*n = 4, 4*d + 4*n - 102 = 134. Suppose -2*u + d = -0*u. Suppose 6*k - k = u. List the prime factors of k.
2, 3
Let f(n) be the second derivative of n**4/12 + 2*n**3/3 - n**2/2 + n. Let q be f(-5). What are the prime factors of (2 - 1) + 32/q?
3
Let w = -8 - -2. Let v = 1 - 11. What are the prime factors of (w/10)/(2/v)?
3
Suppose 0 = -0*p - 2*p + 12. Let q(y) = y**3 - 4*y**2 - 8*y - 2. What are the prime factors of q(p)?
2, 11
Let c(q) = q**3 - 6*q**2 - 2*q + 4. Let r be c(6). List the prime factors of (108/(-10))/(r/20).
3
Let a = -4 + 0. Let b = 8 + a. Suppose -b*q + 7 = -9. List the prime factors of q.
2
Suppose -5*m - 4*b = -258, -m - 2*m - 2*b + 154 = 0. What are the prime factors of m?
2, 5
Let v be 7/((-7)/2) + -4. List the prime factors of 3/v*2*-26.
2, 13
Suppose -15 = 4*z - 91. What are the prime factors of z?
19
Let f(j) = -7*j + 3. Let a be f(3). Let l = a - -12. Let t = l - -10. List the prime factors of t.
2
Let n = -7 - -5. What are the prime factors of n + (-2 - -11) + 0?
7
Let b = -76 + 39. Let m = 75 + b. List the prime factors of m.
2, 19
Let j = 88 + -65. What are the prime factors of j?
23
Suppose -5*g - t + 230 = 0, 6*t + 72 = g + t. List the prime factors of g.
47
Suppose 300 = 4*c + 4*p, -1 - 2 = 3*p. List the prime factors of c.
2, 19
Suppose s = -5*i + 2, -3*s + 5*s = 2*i + 4. Suppose i = 4*j + 4*f - 148, -2*j + 3*f = 3*j - 169. List the prime factors of j.
5, 7
Suppose -5*n = -4*m - 171, -3*n + 117 = -5*m + 17. Suppose 4*j - 5*d = 84, -d - n - 49 = -4*j. What are the prime factors of j?
3, 7
Let m(d) = d**3 - 6*d**2 + 6*d - 7. Let l be m(5). Let c(g) = -g**3 - 6*g**2 - 2*g - 5. Let t be c(-6). Let a = t + l. What are the prime factors of a?
5
Let m be 6/12 + 126/4. Suppose -2*l = 3*v - 36, 2*v + 0*l - m = -4*l. List the prime factors of v.
2, 5
Suppose 3*b - 12 = 2*b. List the prime factors of b.
2, 3
Let v(p) = p**2 - 6*p + 4. List the prime factors of v(6).
2
Let d(u) = -u - 2. Let t be d(-5). Let x = 43 + -38. Suppose -4*g + 8*m - 4*m + 48 = 0, -t*g - x*m + 68 = 0. List the prime factors of g.
2
Let w(y) = -y + 9. Let z be w(6). What are the prime factors of 5*z/(-1)*-1?
3, 5
Suppose 3*w - 25 = 23. What are the prime factors of (2 + w/(-3))*-3?
2, 5
Suppose 53 = 3*x - 4*k, 3*k + 0*k = x - 16. List the prime factors of x.
19
Let o = 15 - 7. What are the prime factors of o?
2
Let h(s) = 10*s**2 - 7*s + 3. What are the prime factors of h(5)?
2, 109
Let s(x) = x**2 + 4*x - 2. Let q be s(-5). Let y be (-1)/q - (-40)/12. Suppose -z + 1 = -k - 2, 0 = -4*z - y*k + 5. List the prime factors of z.
2
Let t be (10/3)/2*-3. Suppose l - f = -20, -f - 44 = -2*l + 5*l. Let u = t - l. List the prime factors of u.
11
Let o(y) = -y + 7. Let b 